alculate (-47 + 24 - -39 - (9 - 0)) + -28.
-21
Evaluate -1 + -6 + 6 - (2 + (-22 - -10)).
9
What is (2 - -32) + (-6 - -7) + 0 + -6?
29
What is -2 + (7 - (-8 - (1 + -8))) + 6?
12
What is the value of (22 - 12) + -6 + -1 + (1 - 1)?
3
Calculate 1 + 3 + (-9 - -4) - 9.
-10
What is the value of 1 + 11 + -9 + (-25 - -5 - -2)?
-15
Calculate 198 + -212 + 12 + 1.
-1
Evaluate 18 + -37 + -3 - (5 + -3 + -6).
-18
What is the value of -64 + 73 + -4 + 13 - 2?
16
5 + 0 + -1 + -4
0
Evaluate 10 + ((-22 - -7) + -7 - -5) - 7.
-14
Calculate -5 + -4 + -1 - -5 - 4.
-9
(18 + -15 - 9) + -18
-24
Calculate -1 - (-14 - (5 + -7 + -6)).
5
What is the value of -29 + -16 + (41 - 1)?
-5
Calculate 1 - ((9 - 12) + 11 + -16).
9
What is -16 - ((2 - 3) + -3)?
-12
What is 6 - (-183 + 173 + (-3 - (-43 + -3)))?
-27
Evaluate (-5 - -10) + 25 + (-24 - -17).
23
Calculate 7 + (-19 - (-3 - 0)) + (-3 - -10).
-2
Calculate -1821 - -1814 - (0 - -3).
-10
What is the value of -4 + (2 - 7) + 13 - 4?
0
What is -6 + -20 + 20 - -8?
2
Calculate (-8 + -1 - -10) + 1 + -12 + -2.
-12
Calculate -2 + 3 - (33 - 1 - 53).
22
-3 - (-13 + (2 - 1)) - (-43 + 46)
6
What is the value of (-3 - -8) + 7 + (-11 - -2)?
3
Evaluate -4 - -4 - (-9 + 14 - 6) - -2.
3
1 + -5 + (-32 - (-15 + -19))
-2
Calculate 16 + (-25 + 5 - -2).
-2
Evaluate -5 - -2 - -10 - (64 + -54).
-3
Calculate 31 - (4 - (-15 - 14)).
-2
(-4 - (-12 + 31)) + 3
-20
Calculate 7 + (-15 + 11 - (-1 + -1)) + -5.
0
Evaluate 4 + 33 + -3 - 16 - -6.
24
What is the value of -42 + (65 - 31 - 11)?
-19
Calculate 36 + -42 - (-14 - (-5 - -7)).
10
What is -5 + (0 + 7 + (-42 - -34) - -6)?
0
What is 4 - (-17 - -23 - (-5 + 15) - -32)?
-24
What is 1 + (-4 - 0) + -22 + 25 + 2?
2
Calculate (23 + -47 - -21) + -14.
-17
What is -19 + -10 + (40 - 21)?
-10
Calculate 8 + 3 + (-1 - 8).
2
What is -8 + 1 + -3 + (5 - 8) + -1?
-14
0 - -14 - (-134 - -154)
-6
Evaluate -7 - (-8 + (-5 - -4) + -1).
3
14 - 2 - (-2 - -7) - 9
-2
Calculate (-3 + (11 - 10) - -8) + 5.
11
Calculate 6 + (-11 - (2 + -4) - -2).
-1
What is the value of 10 - -1 - (-1 - (-4 + 2 + -2))?
8
Evaluate 17 + 2 + (-15 - -35) + -18.
21
Calculate 2 - (21 + (-35 - -12)).
4
What is 12 + 0 + -4 + (1 - 1) - 5?
3
What is 10 - (-1 - -16 - (-4 + 10))?
1
What is the value of 1 + -4 + (-39 + 30 - (2 - 13))?
-1
Calculate 0 + -3 + 4 - (16 - 5).
-10
What is (20 - (-19 + (-4 - -19))) + 5?
29
1 + -2 - 0 - (85 + -97)
11
Evaluate (5 + -11 - 0) + -10 - -8.
-8
What is the value of 3 + -12 + -2 + (1 - (-2 - -5))?
-13
What is 31 + 23 + -27 + -7?
20
Evaluate 7 + -6 + -3 + 7 + -3 - 14.
-12
What is (1 - -1 - 7) + (135 - 131)?
-1
What is -30 + (-24 + 9 - -26)?
-19
What is (-8 - 11) + (40 - 4)?
17
What is the value of 1 + -15 + -248 + 267?
5
Evaluate 8 + (-9 - -3) + (12 - 6) + -16.
-8
Calculate 16 - (8 + -1 + -42 + 38 - 5).
18
What is 8 - 3 - (51 + -57)?
11
Calculate 162 + -196 - (-14 - 1).
-19
What is -27 + (23 + -7 - (3 + 16))?
-30
What is the value of (-32 + 37 - (4 + -18 + 2)) + 8?
25
Calculate -1 + 1 + 10 + -35 + 18 + -3.
-10
Calculate (-5 - -6 - -6) + (-27 - -18) + 18.
16
What is -35 + (-14 - -39) - (-1 - -3 - -8)?
-20
What is 41 + -68 + 33 + (1 - 1) + -5?
1
Evaluate 2 + 1 + 18 + -1587 + 1579.
13
Evaluate -24 + (-2 - -2 - (-18 + (13 - 4))).
-15
Calculate 28 + 7 + (-30 - -11) - -4.
20
Calculate 31 + (6 - 14) + -11 + (4 - -2).
18
11 + (5 - 4) + -8 + 8
12
-4 - 1 - -1 - (-20 + (-10 - -21))
5
(0 - -9) + (20 - (16 + -12)) + -6
19
Evaluate (-3 - (-10 + (16 - 12))) + (1 - -4).
8
What is the value of (1 - (0 + -2 - -23)) + 156 + -149?
-13
Evaluate (-3 - (-1 - 1)) + (276 - 250).
25
What is the value of -2 + (-8 - (-8 + (-8 - 22))) + -6?
22
What is -136 - -138 - (-2 + 17 + -3)?
-10
9 + -5 + (174 - 181)
-3
-14 + (-7 - (-19 + 9)) + 30
19
What is the value of 4 - (24 + 20 + -61)?
21
Evaluate (0 - -3) + -121 + 107 + (9 - 0).
-2
What is the value of 0 + 6 + (-60 - -17) + 25?
-12
What is -11 + (23 - 12) - (-4 + 0 - 1)?
5
What is the value of (23 - (13 + -19)) + -19?
10
Calculate 62 + -35 - (0 + 17).
10
What is the value of (-10 - -16 - -15) + (-2 - 5) - 3?
11
Calculate (28 + 3 - 30) + 16.
17
Calculate 0 - -7 - 6 - (3 - (-5 + 20)).
13
Evaluate (-9 - -15) + ((0 - -12) + -4 - 1).
13
What is the value of 13 + -40 + 20 + -5 + 12?
0
Evaluate -10 + ((-3 - -34) + -3 - (-6 + 7)).
17
19 + -37 + 10 + 17
9
Calculate (12 - 5) + 2 - (3 + 2 + 2).
2
-16 - (-28 + -25 - -19)
18
Evaluate -21 - (-29 + 29) - -23.
2
What is the value of 15 + (266 - 277 - (2 + -1 + -15))?
18
Calculate 15 - (20 + -13 + 3).
5
Calculate -20 + 1 - (-158 + 138).
1
Evaluate 0 + 22 - (152 - 148) - 1.
17
What is the value of 13 - (4 - (-12 - -17))?
14
What is the value of -29 + (7 - (-47 - -18))?
7
Evaluate 4 + -10 + -16 + (-3 - 5).
-30
Calculate -1 + 6 + 5 + 32 + -41 + -6.
-5
Calculate (-1 - 0) + 3 - ((-10 - 3) + 19).
-4
(23 - -9 - 12) + -23
-3
6 + 17 + -51 + 15
-13
Calculate -11 + 10 + 3 + 23 + -8.
17
5 - (3 + 1) - (-10 + 2)
9
Evaluate 25 + 3 + 9 + 10 + -30 + 1.
18
Calculate -1 + (-30 - -12) + 16.
-3
What is 23 + -29 - (-4 + 2) - -7?
3
Calculate -30 - 22 - -36 - -27.
11
What is the value of 4 + 1 - (10 + 6 - 20)?
9
What is 3 + (3 - 11) + -2 + 5?
-2
What is 3 + -9 + (7 - (-11 + 4))?
8
(-1 + 6 - (4 - -8 - 2)) + 14
9
Calculate (-2 - -4) + (-18 - -12) + 1.
-3
8 + (-6 - (-11 + 8 + 3)) + -3
-1
What is -51 + 29 + -12 + 2?
-32
Calculate -3 + -3 - (1 + 3).
-10
What is the value of (2 + 2 - 10) + -24 + 20?
-10
Calculate 66 + -37 + (-40 - -11).
0
-1 + 16 + (-235 - -223)
3
Calculate 7 - (-2 + 2) - (-7 - -17 - 12).
9
Evaluate 2 + -8 - (-49 + -17 + 36) - 10.
14
Evaluate (-5 - (6 + 4 + -8 + -7)) + -10.
-10
What is -13 - ((-73 - -75) + (-2 - -1 - 0))?
-14
Calculate -2 - (3 - 1) - (34 - 28) - 7.
-17
2 - -2 - (0 - -5) - 11
-12
Evaluate 16 - (-12 - (-12 - 32)).
-16
-16 + (-1 - 10 - -5 - -13)
-9
Evaluate 166 - 169 - (-1 - 4).
2
-38 + -11 + -7 + 24
-32
Calculate -30 + (44 - 14) - (-13 + -2).
15
What is the value of -13 - (-8 + (-6 - -10 - 11))?
2
13 + -11 + 12 - 2
12
What is the value of -22 - (-16 - (6 - 10))?
-10
Evaluate 8 + -4 + 2 + 6 - 31.
-19
What is 3 - -18 - (10 - (-15 + 11))?
7
What is the value of (-1 - 0 - (-9 - -5)) + (12 - 17)?
-2
What is (1 - 14) + 47 + -52 - -12?
-6
Calculate (-12 + 25 - 10) + 3.
6
1 + -33 - (868 - 916)
16
Calculate 17 + -32 + 7 + -4.
-12
What is (2 - -9) + 6 + -14 + 7 + 0?
10
What is the value of -6 + 2 + (-49 - -36) + -2 + 14?
-5
Evaluate (-54 - -47 - 20) + -9 + -1.
-37
Evaluate (48 - (16 + 13)) + -46.
-27
What is -9 + -2 + -2 + (-7 - -5 - -5)?
-10
What is the value of 5 + -5 + (-11 - -18) + -2 + -1?
4
Evaluate 1 + 6 + (-113 - -104).
-2
What is the value of 34 + -26 + 13 - 9?
12
What is the value of (9 - (-6 + -4 - -26)) + 1 + -8?
-14
5 - (2 - 0 - 1 - -1)
3
Evaluate 0 + 5 + -7 + -6 + 9 + 12.
13
What is the value of (4 - 6) + (-9 - -18 - -7)?
14
Calculate 3 + (-10 - -15) + -9 + 17.
16
Evaluate 3 + (12 - (3 + 5 + (-2 - 1))).
10
What is the value of -11 - (-11 + (22 - 17))?
-5
Evaluate 43 + (-43 - (-79 + 46)).
33
-75 - (31 + -70 - 2)
-34
What is -16 + -2 + (-10 - -94) + -71?
-5
What is the value of 13 + (4 - 11 - -3 - -5)?
14
What is 12 + 1 + -3 + 10 + -4?
16
(-1 - 2) + 38 + -11 + -4 + -30
-10
What is 16 + -16 - 10 - 9 - 14?
-33
Evaluate -13 + (1 - 1) + (17 + -48 - -27).
-17
What is 1 - 0 - (1 - 5) - 1 - 15?
-11
Evaluate 64 - 55 - (-6 - (4 - 6) - 0).
13
What is the value of 0 - (3 - (-3 + 0 + (6 - 2)))?
-2
Calculate (0 + 18 - 20) + -1 + -6 - -16.
7
Evaluate -11 - -3 - (3 - 1 - 16).
6
What is -3 + (-2 - -2) + -12 + 2 + -10?
-23
Calculate 17 + 16 + (-11 - 35) - -8.
-5
Evaluate (0 - -49 - 29) + -22.
-2
Calculate -19 + 15 - 19 - -21.
-2
9 + 23 + -19 + (0 - (7 - 0))
6
Evaluate -10 - (9 + (-36 - -8)).
9
What is the value of 9 - (-1 - 20 - -42)?
-12
What is 15 + -14 + -13 + -2 + 6?
-8
What is the value of -1 + -66 + (-271 - -315)?
-23
What is the value of 0 + -4 - (16 - (44 + -11))?
13
What is 1 - (-4 + 0) - (49 - 39)?
-5
What is the value of (-4 - (4 + -6)) + (52 - 58)?
-8
What is -6 + 1 - (-96 + 106)?
-15
-34 + -9 + -3 - (1 - 17)
-30
Calculate -26 + 43 - -2 - (11 + -7).
15
Calculate 12 - 30 - -10 - -11.
3
Calculate 32 - (23 + 10) - -17.
16
Evaluate -4 + 18 + -9 + 4.
9
What is 35 + -31 + 23 + -4?
23
(-15 - -8 - -8) + 17 + -7 + 2
13
2 + -16 + (11 - 7)
-10
What is (-1 - 13) + (-13 + 14 - -1)?
-12
What is the va